luate 2 + (43 - 36 - (1 - -3)) - 6.
-1
Calculate -2 - (-22 - (14 + -11 + -18)).
5
Calculate -9 - (31 + -28) - -26.
14
-3 - (-3 + 21) - (5 - 9)
-17
Evaluate -12 + -12 + 5 + 17.
-2
Evaluate 3 + 6 + -8 - -10 - 3.
8
Evaluate -8 + 18 - -3 - (-39 + 53).
-1
-4 + 0 - (-9 + 19) - 0
-14
What is -148 - -144 - (0 - 14)?
10
Calculate 5 - (-31 - -18 - -18).
0
-3 - ((-8 - -5) + -1 - (0 - 2))
-1
What is 17 + -33 + (-9 - -31)?
6
3 - (-16 - -5) - (-2 + 1)
15
Evaluate 1 + (-8 + 0 - (-65 + 66)).
-8
Evaluate 10 + (-8 + -4 - -10) + 4.
12
What is the value of (-1 - -3) + (16 - 2) + -15 + 9?
10
Evaluate -5 + (10 - (-7 - -4)) - 1.
7
What is 17 - (12 + 4) - 22?
-21
-18 + 9 - (-13 - 4)
8
What is the value of 0 - (9 + 0) - (335 - 346)?
2
Calculate -6 - (-8 + -2 + (-3 - -6)).
1
What is the value of -30 + 19 + 1 + 21 + -4 + 10?
17
Calculate 4 + (3 + -5 - -3) - (0 + 13).
-8
What is the value of 0 - (-8 - -17) - (4 - 4)?
-9
(-2 - -19) + -188 + 191
20
Evaluate -7 - (7 - (3 + 4 - -1)).
-6
Evaluate -10 - (2 + 0 - -2 - (-35 + 33)).
-16
What is the value of (-2 + -1 - 0) + 10 + 3 + -5?
5
Calculate (82 - 59) + (0 - 13).
10
(-12 + 26 - 13) + -1
0
-55 - (-34 - (-7 + 20 + -30))
-38
Calculate 7 + 0 + (1 - 4) + (-18 - -4).
-10
What is 4 + -18 + (-8 - -10) - -13?
1
What is 8 + 4 + -14 + 4 + 12?
14
Calculate -10 + 1 + 2 - (-5 + -5 + 13).
-10
Evaluate -83 - -112 - ((2 - 9 - -4) + 13).
19
-4 + (6 - (5 - -6 - 0)) + 3
-6
What is -7 + (-1 + 1 + 6 - 9)?
-10
Evaluate -27 - (31 + (12 - 72)).
2
Calculate -2 - 3 - (-17 - (0 + -7 + 3)).
8
What is the value of (73 - 57) + (-10 - -1) + -4?
3
-4 - -8 - 1 - (-4 + (17 - 4))
-6
What is the value of (-7 - (-5 + 10)) + (-13 - (-15 + -39))?
29
-3 + 8 - (17 + -11) - 3
-4
What is -12 - (-23 + (-11 - -20))?
2
Calculate -49 + (-14 - -47) - -5.
-11
What is the value of (-9 - -2) + 12 - 0 - (-10 + 5)?
10
(-6 - 3) + -8 + 23
6
What is (3 - 4) + 4 + (37 - 30)?
10
Evaluate 21 - (2 - (-3 - (-1 + 1))).
16
What is -6 + -9 + 13 + 10?
8
-4 + 8 - (5 - -5)
-6
What is 11 + (-18 - (-3 + -5)) + (8 - 0)?
9
Evaluate 10 - (-11 + 11 - (-2 + 7)).
15
Evaluate 16 + (-2 - (-12 - -6)) + -6.
14
4 + (9 - (5 + 2 + -6))
12
What is the value of 77 + -48 - (-9 - -22)?
16
What is -16 + -1 + -4 + (-41 - -6) + 45?
-11
Evaluate 35 - (3 - (-22 - -7)) - (-2 + -1).
20
What is the value of 131 - (221 - 92) - ((0 - -22) + 1)?
-21
What is the value of (-10 - -7) + 15 + -2?
10
Calculate (-8 - (-25 + 32)) + -12.
-27
What is the value of 8 - -22 - 34 - (-4 + 0)?
0
What is 34 + -7 - (-10 + 15)?
22
What is the value of (6 - (2 + -7)) + -7 + 10?
14
What is 5 - (4 + 13 + -15)?
3
Calculate 7 + -8 + 0 + 4 + 2.
5
-14 + (28 - -1) + -7
8
-4 - -11 - (-36 + 54)
-11
Calculate 5 - (20 + -9 + -12) - -1.
7
What is (-48 - -36) + -5 - -14?
-3
What is the value of 6 + (8 - 9) - (8 - -5)?
-8
Evaluate 69 + -41 - (21 + 1).
6
What is -13 - ((1 - -8) + -2 + 22)?
-42
What is the value of -22 + 0 - ((-21 - -34) + -17)?
-18
Evaluate 19 + 37 + -23 + -44.
-11
Calculate 12 - ((8 - 0) + (5 - (-17 - -24))).
6
What is (6 + -15 - -18) + 0 - -1?
10
Calculate 5 - 3 - (25 - 8) - 12.
-27
What is the value of 19 - 20 - (-8 - ((2 - 7) + 2))?
4
What is the value of (970 - 972) + (20 - 0)?
18
What is the value of (-10 - -6) + (-7 - (3 + -13))?
-1
-5 + -1 - (10 + 3 - 41)
22
5 - (-26 + 30 + 25)
-24
Calculate 25 + -26 + -6 + -1.
-8
Evaluate 3 + 2 + (6 - 2) + -2.
7
What is -6 - (3 + 4 + -5 + 4)?
-12
-26 + -7 + (35 - 29)
-27
-12 + 6 + -6 + 20 + -8
0
3 + 14 + (-1 - -1)
17
(22 + -8 - (3 - -30)) + 3
-16
What is 31 + (1 - 14) - 9?
9
Evaluate 0 + (4 - -1) + -30 + 30 + 6.
11
What is the value of -7 + (5 - -1 - (17 - 25))?
7
What is 0 + (10 - (-14 + 26)) + -9?
-11
What is -20 + 49 + -22 + (2 - (0 - 1))?
10
49 + -55 - ((-6 - -3 - -4) + -13)
6
What is the value of -2 + 5 + (5 - (18 - 4) - -5)?
-1
Calculate (3 - (0 + 2)) + 0 + 11 + -6.
6
24 + -2 + -20 - 20
-18
What is 16 + -5 + 6 - 13?
4
Calculate -36 - -28 - (-27 - -24).
-5
-14 - (-50 + 11 + -2)
27
What is the value of (0 - (-2 + -11)) + (-46 - -47)?
14
What is the value of (18 - 13) + -4 + (0 - -2 - -6)?
9
6 - (12 + -15) - (4 + 21)
-16
What is 2 - -1 - (-48 - -50) - (-6 - 0)?
7
What is the value of -7 + (0 - -20 - 5) - -3?
11
1 + (6 - (-19 - -16))
10
Evaluate -3 + 10 + -1 - (-4 + (22 - 18)).
6
What is the value of -3 - 5 - (-17 - (-4 + -7))?
-2
-28 + (-12 + 45 - 33)
-28
What is 1 + 4 + -5 - -12?
12
28 + -37 - -19 - ((-1 - -4) + 27)
-20
What is -17 + 15 + -2 + 2 + (-3 - -9)?
4
Evaluate -2 + 3 + 11 - (1 + -2) - 1.
12
What is 3 + 7 + 24 + -19 - 7?
8
What is the value of 1 + (5 - -1 - (69 - 60)) - -16?
14
What is the value of -139 + 162 + 2 + 0 + -2 + -10?
13
Evaluate -21 + (12 - (24 + -6)) + 9.
-18
Calculate (11 - 32) + 6 + 7.
-8
Evaluate -31 + 0 + (-8 - (2 - 13 - 1)).
-27
Calculate -31 + 3 + 19 + -1 + 0.
-10
What is the value of -8 - (7 + -26 - -2)?
9
Calculate -337 + 333 + (-17 - -3).
-18
Evaluate 7 + 11 + 3 + -7 + -6 + -3.
5
Evaluate -12 - (-25 + -18 + 26).
5
(-8 - -4) + -2 + (-39 - -31)
-14
Evaluate (-91 - (44 - 118)) + 1 + -3.
-19
What is 7 - (-6 - ((-3 - (-27 + 12)) + -10))?
15
What is the value of -29 + -55 + 44 - -60?
20
Calculate (-1 - (-2 + 7)) + 157 + -159.
-8
What is the value of (1194 - 1181) + -10 + -1?
2
Calculate -24 + 16 - (-1 - (7 - 1)).
-1
10 + (11 + -12 - 0) - (1 - -2)
6
-1 + (43 - 15) - 14
13
What is the value of -5 + 1 - (183 + -200)?
13
What is (-22 - -12 - -25) + -16?
-1
What is the value of 1 + -2 + -2 + -6 + (-6 - -3)?
-12
What is -6 + (2 + 0 - 8) + 5?
-7
(2 - -38) + 7 + 10 + -13 + -9
35
12 - -2 - 18 - (0 + 2 - 39)
33
What is the value of (9 - (1 - 0)) + (-37 - -24)?
-5
Evaluate 0 + -7 + -3 + 8 + 4.
2
-2 + (-30 - -14) + 14
-4
Evaluate (-2 - (-4 + -1)) + (53 - 69).
-13
What is 1 - ((-7 + -5 - -2) + 6 - -11)?
-6
(-18 - (-25 + 11)) + -5
-9
Evaluate 0 + -2 + -17 + -1 + 24.
4
-7 + (0 - (10 + -5)) + 21 - 2
7
What is the value of -14 + (10 - -6) + (9 + -2 - 1)?
8
Calculate (2 + -27 - -18) + (-9 - (1 + -3)).
-14
What is -16 + 20 + -24 + 6 + 43?
29
Evaluate 37 + (-2 - (4 + 23)).
8
1 + -22 + 15 + 4
-2
Evaluate 23 + 2 - (6 - -16).
3
What is (-14 - 0 - -6) + 5 + 5 + 12?
14
What is -32 - -24 - -7 - -8?
7
What is (31 + -11 + -11 - (1 - 5)) + 4?
17
What is 15 + -4 + 3 - (-22 - -19)?
17
What is (-47 - (-17 + 1)) + -7?
-38
Evaluate 1 - -1 - 5 - (-23 - (-56 - -4)).
-32
Calculate -20 - (7 + 0 - (10 - (12 + -14))).
-15
What is the value of (7 - -1) + (-25 + (-16 - -28) - -19)?
14
What is -1 - (17 - (18 + -6))?
-6
4 + -11 + 1 - (-28 - -17)
5
What is the value of -6 + -3 - (17 + (2 - 1 - -4))?
-31
What is 4 - (-5 + 6) - -9?
12
What is the value of (-5 - -1) + (-6 - -2 - -5 - -3)?
0
(0 - 6) + (-6 - -4) - (3 + -1)
-10
Evaluate 1 + 6 - 2 - 6 - -2 - -6.
7
What is -31 + (46 - -1) - (1 + 0)?
15
Calculate 15 + (15 - 0) + 27 + -83.
-26
Evaluate -2 - ((9 - (-6 + 17)) + (9 - 0)).
-9
Evaluate (-6 - (-8 - -11)) + 18 + -3.
6
What is the value of 655 + -673 + (1 - -36)?
19
-36 + (14 - 42) + 73
9
Evaluate -2 - (-11 - -15 - (-2 + 7 + 1)).
0
What is 10 - 42 - -63 - (-1 - (3 + 0))?
35
What is -37 + 28 - (2 - -2 - (6 - 7))?
-14
Evaluate 11 - -4 - (28 + -1).
-12
Evaluate (-49 - (-1 + -22)) + 29.
3
Evaluate (3 - 11) + 1 + (-12 - -5).
-14
What is (-5 - ((1 - -9) + -3)) + -5 + 3?
-14
What is 8 + -6 + 1 + -8 + 0 + 18?
13
What is (38 - (19 + 26)) + -4 + -1 + 1?
-11
-11 - (-2 + -5 - -5) - -2
-7
What is the value of 371 - 370 - (-1 - 14)?
16
Evaluate 19 + -18 - (-5 - (-1 - -2)) - 8.
-1
What is the value of -3 + (-38 - -64) + (4 - (2 - -2))?
23
32 - (6 - 19) - 18
27
6 + -12 + (10 - ((6 - -4) + -6))
0
What is the value of 6 - (0 + -5 + (0 - (-18 + 2)))?
-5
Evaluate -1 - -4 - (-8 + 15 + (-1 - 5)).
2
What is the value of 7 - (7 + (0 - (-6 + (15 - 7))))?
2
-9 + 19 + (-7 - 4) + 15
14
What is 6 + 3 + -1 + -15?
-7
Evaluate 29 - (2 + (8 - -3)).
16
Evaluate (-40 - -9) + 50 - (-3 + (2 - 3)).
23
Evaluate -33 - -35 - ((10 - 0) + -7).
-1
Calculate 8 + 4 + (-6 - (-8 + (12 - 5))).
7
11 + (-1 - (-12 - (7 + -37)))
-8
Evaluate -123 + 122 + (-2 - 2).
-5
Calculate -5 + 2 + -3 + 6 + -4 + 9.
5
What is the value of 7 + -27 + 16 - -4?
0
Calculate (-1 - (2 + 9)) + 21 + -13.
-4
What is -8 - (-16 + 2) - (12 + 10)?
-16
Calculate -14 - (0 - (3 - -12)).
1
What is the value of 6 - 0 - (-20 + 23 + 5)?
-2
-19 + (16 - 8) - -28
17
Evaluate -177 - -150 - (-9 + -4)